5*h(g) + 6*x(g). Let v be a(-12). Suppose v = -f + 45 - 15. What is the tens digit of f?
3
Let p(r) = r**2 - 4*r + 13. Suppose 2*d = -2 - 2. Let n be (1/((-4)/(-2)))/(d/(-48)). What is the hundreds digit of p(n)?
1
Let n = 12 - 10. Suppose -n*l = 7 + 11. What is the tens digit of 35 + (-6)/l*6?
3
Suppose 2*n = s + 61688, -26*n - 5*s = -25*n - 30844. What is the hundreds digit of n?
8
Let r(l) = 69*l + 39. Let b = -318 - -320. What is the units digit of r(b)?
7
Let m(x) = 17*x**2 + 4*x - 16. Let t be m(-10). Suppose 3*a = -4*p + 214 + 754, 5*a - p - t = 0. Let y = -116 + a. What is the tens digit of y?
1
Let b(u) = 839*u + 132. What is the hundreds digit of b(6)?
1
Let b = 30 - 19. Suppose 5*y - 2*x + 1 = b, y + 4*x = 24. Suppose 73 = -y*u + 309. What is the tens digit of u?
5
Let i(a) = 4*a**2 + 49*a - 1236. What is the thousands digit of i(46)?
9
Let c(o) = -34 - 35*o**3 - 14*o + 65*o**3 - 7*o**2 - 31*o**3. What is the hundreds digit of c(-12)?
8
Suppose -19 = -2*d - 3*r, r - 2*r + 13 = 4*d. Suppose 4*y = -d*o - 48, 0 = -4*o - o - y - 120. What is the units digit of 72/(-2)*-2*(-18)/o?
4
What is the units digit of 3 + (-8181)/(-12) - 11*(-39)/(-572)?
4
Suppose 5*f = 2*i + 2317, f - 2*i - 473 = -4*i. Suppose 711 = 6*j - f. What is the tens digit of j?
9
Suppose 200 = 7*z - 2*z. Suppose -3*x - 169 = -5*k, 3*x + 2*k = z - 174. Let u = x + 182. What is the units digit of u?
4
Let j(q) = 7*q - 19. Let g(v) = -v**2 + 3*v - 6. Let a be g(0). Let m be j(a). What is the units digit of (m + -4 + 4)*(0 - 1)?
1
Let p(s) = -63*s - 33. Suppose o = -3*o + 2*u + 40, 0 = 4*o + 2*u - 32. Let i be -4*(4/(-2) + o/3). What is the tens digit of p(i)?
1
Let c(y) = -737*y + 21. Let b be c(-7). Suppose 6*k = 5860 + b. Suppose -15*r + 1415 + k = 0. What is the tens digit of r?
1
Suppose -352*k = -340*k - 236016. What is the tens digit of k?
6
Let y(x) = -5*x**3 - 3*x**2 + 6*x + 6. Let l be y(-2). What is the hundreds digit of 5/5 + l*10?
2
What is the hundreds digit of (359500/375)/((-20)/(-6) + -2)?
7
Suppose 62906 = 4*b - 17*y, -b + 3016 = -4*y - 12710. What is the hundreds digit of b?
7
Let k be (-46)/6*(-11)/(66/108). Let l = -8 + k. What is the hundreds digit of l?
1
Suppose -21*a = -67*a - 13*a. Suppose 3*q + 22 = 10, l + 3*q - 1502 = a. What is the tens digit of l?
1
Suppose -156*m + 43*m + 4166762 = 0. What is the hundreds digit of m?
8
Let y(p) = -30*p**2 + 4*p + 2. Let c be y(-19). What is the units digit of ((-42)/4)/(87/c)?
6
Let c = -4 + 10. Suppose -870 = -c*r + 1296. What is the tens digit of r?
6
Let j(i) = -2870*i + 8. Let u be j(-7). Suppose -u = -24*x + 11*x. What is the thousands digit of x?
1
Let d = -347 - -352. Suppose 0 = -8*r + 10*r + 2*t - 160, -d*r + 2*t = -435. What is the tens digit of r?
8
Suppose z - 3*n - 11 = 3, z + 3*n + 10 = 0. Suppose 2*y = z*j, 5 = 2*y + 2*j - 3. Suppose -152 = -y*f + 56. What is the tens digit of f?
0
Suppose 35*k = 265 + 540. Suppose -15*x = -k*x + 7344. What is the hundreds digit of x?
9
Let i(g) = g**3 - 3*g**2 - 11*g + 6. Let t be i(5). Let x be (t/(-3))/(7/21). Let m(a) = -102*a**3 - a**2. What is the units digit of m(x)?
1
What is the thousands digit of 14/63 - 98798/(-18)?
5
Suppose h - 16726 = t, -h + 17*t - 20*t = -16726. What is the tens digit of h?
2
Let a(m) = m**2 - 3*m + 4. Let c be a(1). Suppose 688 = c*h - 9*w + 4*w, 0 = h + 4*w - 331. What is the units digit of h?
9
Suppose o - 5*h + 7 + 6 = 0, 0 = -3*o + h + 3. Let s(d) = 2*d**o + 28 - 3*d**2 + 17*d + 2*d**2. What is the units digit of s(-17)?
8
Let x be (-90)/(-1)*(0 - 2/(-4)). Let f = x - 42. Suppose -636 = -3*y + f*z, -5*z + z = y - 217. What is the units digit of y?
3
Let i be ((-114)/(-24) - 2/(-8)) + 19. Suppose -i*u + 1548 = -21*u. What is the hundreds digit of u?
5
What is the tens digit of 8014 + 7/(-77) + 390/55?
2
Let a be -158*(-85)/(-30) - (-3)/(-9). Let j = -286 - a. What is the tens digit of j?
6
Let i be (154/(-35))/((-1)/5*1). Suppose i*v + 0*v - 6182 = 0. What is the hundreds digit of v?
2
Let t be (-9)/(-3) + 1 - 2. Suppose 5*q + 16 = 5*s - 4*s, -4*q + 4 = 2*s. Suppose 2*n - 104 = t*f, n + 5*f - s - 22 = 0. What is the units digit of n?
8
Suppose -7*o = -12*o + 155. Let m = o + 133. What is the units digit of m?
4
Let z = -400 - -407. What is the tens digit of (354 - 56) + 0 + z?
0
Suppose 0 = -2*h + 10141 + 201. Suppose -1719 - h = -26*s. What is the hundreds digit of s?
2
Let b be -369 - 24/(-6)*-1. Let z = -35 - b. What is the hundreds digit of z?
3
Suppose b + 1779 = 2*t, -3*t = 4*b - 2430 - 233. Let j = t + -88. What is the tens digit of j?
0
Suppose 654751 = -45*x - 81*x + 1901647. What is the hundreds digit of x?
8
Suppose 6 = f + 38. Let a be 6/(-4)*136/6. Let h = f - a. What is the units digit of h?
2
Suppose -2*x + 310 = 3*x. Let l = x - 43. Let v = 59 + l. What is the units digit of v?
8
What is the tens digit of 40/4 + (-120)/(-12) + 21764?
8
Suppose 4*g - 954 = -3*s, -5*g = -s - 0*g + 318. Let u = s - 173. What is the tens digit of u?
4
Let u be -1 + 5 + 5 + -54. Let o be 4735/(-45) - (-4)/18. Let c = u - o. What is the units digit of c?
0
Suppose -d - 8 - 12 = 0. Let h be (-10)/15 - d/12. What is the units digit of h/(2 + (-164)/84)?
1
Let f = -78 - -79. What is the units digit of 220 + -12 + f*-1?
7
Let o = 32431 + -13896. What is the ten thousands digit of o?
1
Let a = -8 + 1993. Suppose -4*u - p = -a, -5*p = u + 3*u - 1973. What is the tens digit of u?
9
Suppose -6 = -4*g - 3*j + 2, 0 = 3*g + 5*j + 5. Suppose 5 = 4*r - 5*d - g, -6 = 3*d. Suppose r = c - 8*c + 322. What is the units digit of c?
6
Suppose 1 = y + o - 2, 2*o = 3*y - 4. Suppose 4*i - 3*j = -76, -y*i + 0*i = 5*j + 12. What is the tens digit of (-5)/(20/i) - -27?
3
Let c = 17465 + -7624. What is the hundreds digit of c?
8
Suppose 5*p - 31 = -11. Suppose -3*w - 4*l + 96 = w, 5*l = -5. Suppose p*y = w - 9. What is the units digit of y?
4
Suppose 15623 = -572*f + 589*f. What is the hundreds digit of f?
9
Suppose -3*b + 2*k + 13 = 0, -3*k + 6 = -3*b + 7*b. Suppose -2*i = c - 0*i - 253, -4*c + b*i = -1056. What is the units digit of c?
1
Let b = -157 + 78. Suppose 143 = -4*a + 4*n - 65, 3*a + 160 = n. Let c = a - b. What is the tens digit of c?
2
What is the hundreds digit of (114/228)/(1/144862 - 0)?
4
Suppose 254 = 8*h + 230. Suppose c - h*g - 1421 = 0, 0 = c + 3*g - 236 - 1173. What is the tens digit of c?
1
Let b be 1414/(-28)*(-15 + -1). Suppose 2*u + b = 3*q - 2*u, -3*u + 822 = 3*q. Suppose 6*r - r + 147 = j, 2*j - q = -r. What is the tens digit of j?
3
Let m(b) = 8*b - 105. Let o be m(14). Suppose 0 = 5*f + 4*y - 87, 2*f - 4*y - 16 - 2 = 0. Suppose -2*t = -f + o. What is the units digit of t?
4
Let c be 364/18 + (-26)/117. Let k be c/(-15) - 48/(-9). Suppose 11*o - 168 = k*o. What is the tens digit of o?
2
Let c = -30362 + 48056. What is the hundreds digit of c?
6
Let c(q) = -13*q + 642. Let a(t) = 3*t - 161. Let b(l) = -9*a(l) - 2*c(l). What is the units digit of b(-21)?
6
Let u be -5 + (-9)/(27/12). Let z be 1162/(-7)*u/6. Let w = -139 + z. What is the tens digit of w?
1
Let w = -39 + 44. Suppose 0*x - w*x + 6*x = 0. Suppose 0*n - 2*n + 84 = x. What is the tens digit of n?
4
Suppose c - 60345 = -w, 142*c + 12 = 146*c. What is the tens digit of w?
4
Suppose 0 = -557*w + 517*w + 1058760. What is the units digit of w?
9
Let s(r) = 7*r**2 - 5*r - 65. Suppose -5*i - c + 48 = 0, 5*i + 3*c + 2*c - 40 = 0. What is the tens digit of s(i)?
8
Let m = -222 - -89. Let f = m - -66. Let z = f - -134. What is the tens digit of z?
6
Suppose 2*x - 4*w = 4, -4*x + 0*x = -3*w - 23. Suppose x*q - 864 = 160. What is the hundreds digit of q?
1
Let o(d) = -400*d - 10. Let c be (2/5)/((-4)/10). What is the hundreds digit of o(c)?
3
Let i be (-5)/(-4) - (-8)/(-32). Suppose -12*k = -11*k + i. What is the tens digit of (k - 2)/3 + (209 - 0)?
0
Let g(u) be the second derivative of 183/2*u**2 + 1/6*u**3 + 1/12*u**4 + 0 - 8*u. What is the hundreds digit of g(0)?
1
Let g(j) = 7688*j - 2992. What is the hundreds digit of g(6)?
1
Suppose -3 = 3*n, -18*x + 2513 = -14*x + 3*n. Suppose 4*o - 2440 = 25*y - 26*y, x = o + 5*y. What is the tens digit of o?
0
Let j be (5 + 3)/4 - 2/(-2). Let z be (6 + -5)/(j/(-477)*-3). Suppose z = 3*h - 121. What is the tens digit of h?
5
Suppose -